{"id":13,"date":"2024-08-01T09:55:57","date_gmt":"2024-08-01T07:55:57","guid":{"rendered":"https:\/\/www.pixxelpoint.org\/2024\/?page_id=13"},"modified":"2024-10-24T10:52:12","modified_gmt":"2024-10-24T08:52:12","slug":"credits","status":"publish","type":"page","link":"https:\/\/www.pixxelpoint.org\/2024\/credits\/","title":{"rendered":"Credits"},"content":{"rendered":"\n<h1 class=\"wp-block-heading\"><strong>PXXP\u2022XXV: Speculation and Decay<\/strong><\/h1>\n\n\n\n<p>Pixxelpoint 2024 \u2013 XXV International Festival of Contemporary Art Practices<br>Nova Gorica\/Gorizia, 7\u201317 November 2024<br><br>In the framework of<br><a href=\"https:\/\/www.go2025.eu\/en\">GO! 2025 European Capital of Culture, Nova Gorica<\/a><\/p>\n\n\n\n<p>Production and organisation<br><a href=\"https:\/\/kulturnidom-ng.si\/en\/\">Nova Gorica Arts Centre<\/a><br>Project manager: Pavla Jarc<br>Project coordinator: Mateja Polj\u0161ak Furlan<\/p>\n\n\n\n<p>Conceived and co-organised by<br><a href=\"https:\/\/aksioma.org\/\">Aksioma \u2013 Institute for Contemporary Art, Ljubljana<\/a><br>Artistic director: Janez Fakin Jan\u0161a<br>Programme coordinator: Marcela Okreti\u010d<\/p>\n\n\n\n<p>Curators<br>Exhibition: Maja Burja<br>Music programme: Ja\u0161a Bu\u017einel<br>Podcast: R\u00e9gine Debatty<br>Discursive programme (THE VOID*): Dominik Vrabi\u010d De\u017eman, Klara Debeljak, Maks Valen\u010di\u010d, Jan Kostanjevec<\/p>\n\n\n\n<p>* <a href=\"https:\/\/networkcultures.org\/void\/\">THE VOID<\/a> is a research project on tactical video by Tommaso Campagna and Jordi Viader Guerrero<\/p>\n\n\n\n<p>Exhibition design: Tamara La\u0161i\u010d Jurkovi\u0107<br>Production assistant: Ema Maznik Anti\u0107<br>Catalogue editor: Rok Kranjc<br>Translation and proofreading: Miha \u0160u\u0161tar<br>Visual identity: Federico Antonini, Simone Cavallin<br>Web developer: Igor Kova\u010di\u0107<br><br>Public relations: Ja\u0161a Bu\u017einel<br>Social media coordination: Sonja Grdina<br>Photo documentation: Domen Pal, Ur\u0161a Rahne<br>Technical director: Tadej Hrovat<br>Technicians: Valter Udovi\u010di\u0107, Andrej Kobal<br><br>Partners<br><a href=\"https:\/\/ung.si\/en\/schools\/school-of-arts\/\">School of Arts UNG<\/a>, <a href=\"https:\/\/rpng.zrc-sazu.si\/en\">Research Station ZRC SAZU Nova Gorica<\/a>\/<a href=\"https:\/\/zalozba.zrc-sazu.si\/en\/strani\/knjigarna-in-kavarna-maks\">Bookstore Cafe Maks<\/a>, <a href=\"https:\/\/razpotja.si\/\">Razpotja<\/a>\/Gori\u0161ka Humanist Association, <a href=\"https:\/\/www.mostovna.com\/\">Mostovna<\/a>, <a href=\"https:\/\/www.facebook.com\/agoregorizia\/\">Agor\u00e9 Gallery<\/a>, <a href=\"https:\/\/networkcultures.org\/\">INC &#8211; Institute of Network Cultures<\/a>, <a href=\"https:\/\/networkcultures.org\/expub\/\">.expub<\/a><\/p>\n\n\n\n<p>Technical support<br><a href=\"https:\/\/kersnikova.org\/\">Kersnikova Institute<\/a>, <a href=\"https:\/\/kons-platforma.org\/\">konS \u2261 Platform for Contemporary Investigative Art<\/a>, <a href=\"https:\/\/wiki.ljudmila.org\/Main_Page\">Ljudmila Art and Science Laboratory<\/a><strong>, <\/strong><a href=\"https:\/\/www.mc-velenje.si\/en\/\">MC Velenje<\/a>, <a href=\"https:\/\/lokalpatriot.si\/\">LokalPatriot<\/a>, <a href=\"https:\/\/projekt-atol.si\/en\/\">Projekt Atol Institute<\/a><\/p>\n\n\n\n<p>Supported by<br><a href=\"https:\/\/www.go2025.eu\/en\">GO! 2025 European Capital of Culture, Nova Gorica<\/a><br><a href=\"https:\/\/www.gov.si\/en\/state-authorities\/ministries\/ministry-of-culture\/\">The Ministry of Culture of the Republic of Slovenia<\/a><br><a href=\"https:\/\/www.nova-gorica.si\/en\">Municipality of Nova Gorica<\/a><br><a href=\"https:\/\/www.exteriores.gob.es\/Embajadas\/liubliana\/es\/Paginas\/index.aspx\">Embajada de Espa\u00f1a en Eslovenia<\/a><br><a href=\"https:\/\/www.accioncultural.es\/en\">Acci\u00f3n Cultural Espa\u00f1ola (AC\/E)<\/a><\/p>\n\n\n\n<p>Sponsors<br><a href=\"http:\/\/www.arttech.si\/\">Arttech d.o.o.<\/a>, Vina Bizjak, <a href=\"https:\/\/www.goriske.com\/\">Gori\u0161ke opekarne<\/a>, <a href=\"https:\/\/www.mladina.si\/\">Mladina<\/a>, <a href=\"https:\/\/www.robin.si\/\">Radio Robin<\/a>, <a href=\"https:\/\/radiostudent.si\/\">Radio \u0160tudent<\/a><\/p>\n","protected":false},"excerpt":{"rendered":"<p>PXXP\u2022XXV: Speculation and Decay Pixxelpoint 2024 \u2013 XXV International Festival of Contemporary Art PracticesNova Gorica\/Gorizia,&#8230;<\/p>\n","protected":false},"author":1,"featured_media":0,"parent":0,"menu_order":0,"comment_status":"closed","ping_status":"closed","template":"","meta":{"_acf_changed":false,"footnotes":""},"class_list":["post-13","page","type-page","status-publish","hentry"],"acf":[],"lang":"en","translations":{"en":13,"sl":173},"pll_sync_post":[],"_links":{"self":[{"href":"https:\/\/www.pixxelpoint.org\/2024\/wp-json\/wp\/v2\/pages\/13","targetHints":{"allow":["GET"]}}],"collection":[{"href":"https:\/\/www.pixxelpoint.org\/2024\/wp-json\/wp\/v2\/pages"}],"about":[{"href":"https:\/\/www.pixxelpoint.org\/2024\/wp-json\/wp\/v2\/types\/page"}],"author":[{"embeddable":true,"href":"https:\/\/www.pixxelpoint.org\/2024\/wp-json\/wp\/v2\/users\/1"}],"replies":[{"embeddable":true,"href":"https:\/\/www.pixxelpoint.org\/2024\/wp-json\/wp\/v2\/comments?post=13"}],"version-history":[{"count":0,"href":"https:\/\/www.pixxelpoint.org\/2024\/wp-json\/wp\/v2\/pages\/13\/revisions"}],"wp:attachment":[{"href":"https:\/\/www.pixxelpoint.org\/2024\/wp-json\/wp\/v2\/media?parent=13"}],"curies":[{"name":"wp","href":"https:\/\/api.w.org\/{rel}","templated":true}]}}